0
Let a(w) = 3*w**3 - 3*w**3 + 3*w**3 - 3*w**2 - 4*w**3 - 3 - 4*w. Give a(-3).
9
Let a(t) = 2*t**3 - 3*t**2 + t - 2. Suppose -4 + 6 = u. Let f be a(u). Let l(r) = 0*r**3 - f + 5*r**2 - 2*r + r**3 + 3*r. Give l(-4).
8
Let p(r) = 2*r**2 - 5*r. Let h(n) = 3*n**2 - 11*n. Let o(a) = 3*h(a) - 5*p(a). Calculate o(-8).
0
Let d(v) = -v**2 - 7*v - 6. Let o be d(-5). Let f be (1 - (-9)/(-6))*-4. Let z(w) = -o + 3*w**3 - w + 0*w**2 + 3*w - 2*w**3 + 4*w**f. What is z(-3)?
-1
Let v(b) be the first derivative of b**4/4 + b**2/2 + 2*b + 1. Let c(w) = -3*w**3 + w**2 - 3*w - 5. Let u(y) = -4*c(y) - 11*v(y). Give u(4).
2
Let w(c) = -3*c - 9 - 1 + 5*c. What is w(7)?
4
Let r(b) = 3*b**3 + 5*b**2 - 6*b - 3. Let g(i) = i**2 - i - 1. Suppose -a + 5 = 1. Let n(w) = a*g(w) - r(w). What is n(1)?
-3
Let d(p) be the third derivative of 3*p**4/8 - 3*p**2. Determine d(-1).
-9
Let z be -1*(-2 - (-3 - 0)). Let r(s) = 5*s. Determine r(z).
-5
Let b be (-4)/26 + 216/52. Suppose b*z = -5*f - 12, z - 14 = 4*f + 2*z. Let i(s) = -2*s + 9*s - 2*s + 5*s**2 + s**3 - 1. Calculate i(f).
-5
Let b(g) = g**2 + 6*g + 4. Suppose -14 = -4*o + 6. Let l(y) = y**2 - 5*y. Let x be l(o). Suppose x = -4*v - v - 15. What is b(v)?
-5
Let y be ((-2)/(-4)*-3)/(-30). Let g(s) be the second derivative of 0 + s**2 - 1/6*s**4 + 2/3*s**3 + s - y*s**5. Give g(-3).
-1
Let j(d) = 2*d. Let m(v) = -2*v + 5*v - 6 - 3*v + v. Let b be m(7). What is j(b)?
2
Let u(v) = 2*v - 7. Let r(i) = -i + 3. Let y(s) = 5*r(s) + 2*u(s). What is y(-3)?
4
Let m be ((2/(-3))/(6/27))/(-1). Let s(l) be the first derivative of -7*l + 1 + 1/2*l**2. Calculate s(m).
-4
Let b(i) = -i**3 - 8*i**2 - 8*i. Let p be b(-7). Let g(n) = 0 + p + 1 - 7*n - 1 + n**2. Give g(7).
7
Let o(a) = -a**3 + 8*a**2 - 3. Let n(b) = -b + 12. Let d be n(4). Give o(d).
-3
Let y(v) = 7*v**2 - 5*v - 2. Let t(x) = 8*x**2 - 5*x - 2. Let q(j) = -6*t(j) + 7*y(j). Let k(z) = -2*z - 3. Let b be k(-4). Calculate q(b).
-2
Let l(t) = -7*t. Let n be ((-2)/3)/(2/3). Calculate l(n).
7
Let f(p) = p**2 - 9*p - 6. Let z(g) = g**3 - 11*g**2 - 11*g - 2. Let h be z(12). Determine f(h).
4
Let x(d) be the third derivative of -1/6*d**3 + 0*d + 6*d**2 + 0*d**4 + 2/15*d**5 + 0. Suppose -i - 4 = -a + 3*a, a + i = -3. What is x(a)?
7
Let v(k) = 5*k - 3. Let l(n) = -6 - 4 + 19*n - 5*n. Let b(w) = 2*l(w) - 7*v(w). Let h be (-8)/(-28) - 18/14. What is b(h)?
8
Let r(j) = 0*j + 2 - 4*j + 3*j. Let q = -10 + 7. What is r(q)?
5
Let o be 3/(-2)*20/(-6). Let r = o - 5. Let u(d) = r*d + 0 + d + 3 - 2*d. Determine u(4).
-1
Let t = 1 + -1. Suppose 0 = j - h + 5, 2*j - j - 3*h + 15 = t. Let k(m) = m**2 + 5*m + 14. Let l(s) = -s**2 - 4*s - 13. Let x(a) = 5*k(a) + 6*l(a). Give x(j).
-8
Let n(v) = -2*v**2 - 1. Let h(k) = 9*k**2 - 7*k + 12. Let c(f) = -h(f) - 4*n(f). Determine c(6).
-2
Let h(y) be the third derivative of y**5/60 + y**4/12 - 5*y**3/6 - 26*y**2. Calculate h(-4).
3
Let k(p) = -8*p + 1. Let n(d) = -d**3 + 7*d**2 - 7*d + 8. Let m be n(6). Give k(m).
-15
Let q(i) = i**2 + 9*i + 11. Let p = 16 - 13. Suppose -11 = a - p*h, -3*h = -a - 2*h - 9. Determine q(a).
3
Let o(g) = -g**2 + 3*g + 1. Let j = 6 + -1. Suppose 0 - 15 = -j*h. Give o(h).
1
Let m = 4 + -1. Let x(p) = -p**3 - 3*p - 3. Let b(l) = -l**2 - l. Let g(v) = 3*b(v) - x(v). What is g(m)?
3
Let v(c) = -c**3 + 6*c**2 + 11*c - 10. Let k(u) = u**3 - 4*u**2 + 6*u - 2. Let o be k(3). Determine v(o).
18
Let d(s) be the second derivative of -3*s + 0 + 1/2*s**3 + 0*s**2. Suppose -3*i = -i - 4. Give d(i).
6
Suppose -4*j - 31 = -15. Let k(i) be the third derivative of -i**4/12 - i**3/6 - i**2. What is k(j)?
7
Let c(x) = -3*x**2 + 3*x - 2. Let p(q) = 2*q**3 + 5*q**2 - 3*q + 2. Let u be p(-3). Give c(u).
-8
Let h(c) = -c**2 - 5*c + 8. Let r(p) = 5*p**2 + 6*p - 2*p + p**3 - 9*p. Let z be r(-6). Determine h(z).
2
Suppose -4*k - 7 = 17. Let r(m) = 1 + 0 - 7*m + 2*m. Let t(d) = 15*d - 3. Let g(p) = k*t(p) - 17*r(p). What is g(-1)?
6
Let f(u) = -3. Let l(s) = -22 + s + 9 + 29. Let o(y) = 11*f(y) + 2*l(y). What is o(-2)?
-5
Let x(r) = -r**2 - 5*r - 8. Let p be x(-3). Let a(y) = 2*y**3 + 3*y**2 + y - 1. Give a(p).
-7
Let q be (-1 - -1)*(1 - 0). Let g(c) = 3*c**2 - c + 7. Let f(n) = -n**2 + n + 1. Let t(w) = -2*f(w) - g(w). Determine t(q).
-9
Let l(g) = g**2 - 5*g - 9. Let a(u) = u**2 - u + 1. Let x be a(3). Give l(x).
5
Let k(o) = o**3 + 5*o**2 + 1. Let x(r) = 2*r**2 - r**2 + r + 3 - 2*r**2. Let z be x(0). Suppose z*j - 8 = 2*l + j, -5*j - 20 = 3*l. Give k(l).
1
Let m(p) = -2*p**2 + 3*p - 3. Let k be m(2). Let n(j) be the second derivative of j**4/12 + 7*j**3/6 + j**2/2 + 7*j. Give n(k).
-9
Let i(o) = -4 + 0*o**2 + 5*o**2 + o - 6*o - 4*o**2. Let x(r) = r**2 - 5*r - 4. Let a be x(5). Let s = 7 + a. What is i(s)?
-10
Let l(k) = k + 4. Let u(a) = -2*a + 4. Let t be u(3). What is l(t)?
2
Let q be (32/(-12))/(-4)*3. Let d(j) = 3*j**3 + 5*j - q*j**3 - 2*j - j + 4*j**2. Let w be (-22)/6 + 2/(-6). Give d(w).
-8
Let v(h) = h**2 - h + 1. Let l be (-7)/2*100/(-35). Let u be l/(-8) + 3/(-4). Give v(u).
7
Suppose -5*d = -4*l + 24, l - 6 = -0*d + 3*d. Let f(x) = x**3 - 5*x**2 - 8*x + 6. Calculate f(l).
-6
Suppose 5*c = 5*m + 10, -3*m + 0*m = 3*c. Let x be ((-15)/10)/(m/(-2)). Let n(p) = 3*p + 3. Give n(x).
-6
Let n(o) be the second derivative of -o**5/20 + o**4/12 - o**3/6 + o**2/2 + 24*o. What is n(1)?
0
Suppose -g + 4 = g. Let p(u) = -u**3 + 5*u**2 - 2*u + 1. Give p(g).
9
Let y(f) = -6*f - 4. Let t(g) = 7*g + 5. Let r(a) = 3*t(a) + 4*y(a). What is r(1)?
-4
Suppose -16*h = -5*h + 11. Let m(y) = y + 1. Calculate m(h).
0
Suppose -3*k - k = -20. Let w(f) = -5*f - 4. Let n(z) = 3*z + 3 + 3*z + 1. Let r(s) = 4*n(s) + 5*w(s). Calculate r(k).
-9
Let n(c) = 6*c**2 + 2*c + 4. Let v(f) = -5*f**2 - 2*f - 4. Let q(b) = -4*b - 1. Let i = 1 + 0. Let p be q(i). Let l(s) = p*v(s) - 4*n(s). Give l(-3).
7
Let f be 3/(-2)*(-12)/9. Let q = f + -4. Let n(a) be the first derivative of -a**2/2 - 2*a - 1. Give n(q).
0
Let s(q) be the third derivative of 1/6*q**3 + 0 - q**2 + 1/12*q**4 + 0*q. Let a(k) = -k**2 + 9*k - 10. Let g be a(8). What is s(g)?
-3
Suppose -x + 2*d + 9 = 0, x + 3*d = 2*d - 3. Let z(q) = -10*q**2 - 2*q - 4*q**2 + 12*q**2 + 1. Give z(x).
-3
Let i be (-2)/10*3*-5. Let x be 0 + -2 + i + 1. Let z(l) = 5 - l + 2 - 1 - l**x. Give z(0).
6
Let s(b) be the third derivative of -b**5/60 + 7*b**4/24 - 2*b**3/3 + 4*b**2. Determine s(5).
6
Let d(b) = -b**2 + 5*b + 2. Let s(m) = -4*m**2 - m. Let t be s(-1). Let z be 3/(t/(-2)) + 3. Let q be d(z). Let w(v) = -v. Calculate w(q).
-2
Let l(j) be the first derivative of 2*j**2 - 3 - 2/3*j**3 - 2*j. Calculate l(3).
-8
Let o(y) = y + 1. Let f(d) = d + 3. Let m be f(0). What is o(m)?
4
Suppose 7 = 3*v + p + 4*p, -2*v - 5*p = -8. Let r(c) = -c**3 + c**2 + c - 1. Let l(k) = -3*k**3 + 3*k**2 + 3*k - 6. Let w(y) = -l(y) + 5*r(y). Calculate w(v).
3
Let t(h) = 263*h - 261*h - 12 + 13. Suppose -3*u - 7 = 2. Determine t(u).
-5
Let p = 3/79 - -43/948. Let f(j) be the second derivative of -1/6*j**3 + 1/2*j**2 + 4*j + p*j**4 + 0. Determine f(3).
7
Let q = -23 - -191. Let r be 8/14 + q/49. Let z(y) = 2*y - 3. Give z(r).
5
Let j(o) = o - 1. Let h(f) = -1 + 1 - 3. Let v(i) = h(i) - 2*j(i). Suppose 12*a = 15*a + 3. Calculate v(a).
1
Let y be (-1 - 2)/(-1) - -1. Let u be 3/y - 2/(-8). Let a(k) = -k**2 + 5*k + u + 0 + 1. Determine a(5).
2
Let x(d) = 1. Let b(k) = 4*k - 1. Let n(i) = -b(i) - 2*x(i). Suppose -2*h = -4*q - 2, -2*q - 3*h = -5*q - 9. Let u = q + -5. Calculate n(u).
11
Let u(n) = 2*n**2 - 2*n - 1. Suppose -5*i = -7*i - 4. Determine u(i).
11
Let n(p) = 2*p + 3. Let l be n(-7). Let j be (-4)/22 + (-24)/l. Suppose j*x = x - 3. Let v(m) = m**2 + 3*m + 3. Calculate v(x).
3
Let b(t) be the second derivative of t**3/6 + t**2 - t. Let o(q) = q**2 + q + 1. Let g be o(-3). Let n = -1 + g. Determine b(n).
8
Let m(s) be the second derivative of 2*s - 1/20*s**5 - 3/2*s**2 + 0 - 2/3*s**3 + 1/2*s**4. Let o be (1 - (1 + -1)) + 4. Determine m(o).
2
Let n(r) be the second derivative of r**5/20 + r**4/4 + r**3/3 + 3*r**2/2 + 6*r. Give n(-2).
3
Let p(l) = 4*l - 129*l**3 - 5*l + 146*l**3 - l**2. Calculate p(-1).
-17
Let q(j) = j**2 - 4*j + 1. Let d = 15 + -10. Let a(i) = 4*i - 4. Let m be a(5). Suppose m = 3*b + d*z - 4*z, 3*b - 3*z = 0. Give q(b).
1
Let a = 7 + -2. Suppose 0